{"id":101,"date":"2011-10-02T16:03:30","date_gmt":"2011-10-02T14:03:30","guid":{"rendered":"http:\/\/www.hobby-toepferei.ch\/?page_id=101"},"modified":"2017-08-22T06:42:21","modified_gmt":"2017-08-22T04:42:21","slug":"brennservice","status":"publish","type":"page","link":"https:\/\/www.hobby-toepferei.ch\/?page_id=101","title":{"rendered":"Brennservice"},"content":{"rendered":"<p>Dank einem ger\u00e4umigen und&nbsp; modernen Hochtemperaturofen biete ich Brennservice f\u00fcr Private wie f\u00fcr Schulen, Bastelgruppen etc an.<\/p>\n<p>Zwingend notwendig f\u00fcr den Brennservice ist die genaue Beschreibung (am besten Etikette mitbringen) des verwendeten Tones.<\/p>\n<p>Preise auf Anfrage, benutzen Sie bitte den <a title=\"Kontakt\" href=\"https:\/\/www.hobby-toepferei.ch\/?page_id=10\">Kontakt<\/a>.<\/p>\n","protected":false},"excerpt":{"rendered":"<p>Dank einem ger\u00e4umigen und&nbsp; modernen Hochtemperaturofen biete ich Brennservice f\u00fcr Private wie f\u00fcr Schulen, Bastelgruppen etc an. Zwingend notwendig f\u00fcr den Brennservice ist die genaue Beschreibung (am besten Etikette mitbringen) des verwendeten Tones. Preise auf Anfrage, benutzen Sie bitte den Kontakt.<\/p>\n","protected":false},"author":1,"featured_media":0,"parent":0,"menu_order":5,"comment_status":"open","ping_status":"open","template":"","meta":{"bgseo_title":"","bgseo_description":"","bgseo_robots_index":"","bgseo_robots_follow":"","ngg_post_thumbnail":0,"footnotes":""},"class_list":["post-101","page","type-page","status-publish"],"_links":{"self":[{"href":"https:\/\/www.hobby-toepferei.ch\/index.php?rest_route=\/wp\/v2\/pages\/101","targetHints":{"allow":["GET"]}}],"collection":[{"href":"https:\/\/www.hobby-toepferei.ch\/index.php?rest_route=\/wp\/v2\/pages"}],"about":[{"href":"https:\/\/www.hobby-toepferei.ch\/index.php?rest_route=\/wp\/v2\/types\/page"}],"author":[{"embeddable":true,"href":"https:\/\/www.hobby-toepferei.ch\/index.php?rest_route=\/wp\/v2\/users\/1"}],"replies":[{"embeddable":true,"href":"https:\/\/www.hobby-toepferei.ch\/index.php?rest_route=%2Fwp%2Fv2%2Fcomments&post=101"}],"version-history":[{"count":0,"href":"https:\/\/www.hobby-toepferei.ch\/index.php?rest_route=\/wp\/v2\/pages\/101\/revisions"}],"wp:attachment":[{"href":"https:\/\/www.hobby-toepferei.ch\/index.php?rest_route=%2Fwp%2Fv2%2Fmedia&parent=101"}],"curies":[{"name":"wp","href":"https:\/\/api.w.org\/{rel}","templated":true}]}}